e tens digit of v(-7)?
3
Let h be 4 + -3 + -4 + (-23 - 0). Let i = 71 + h. What is the units digit of i?
5
Let w(f) = f**3 - 10*f**2 + f - 9. Let b be w(10). Let t = 4 + b. Suppose t*d + 5*r = 105, -2*r + 52 + 26 = 4*d. What is the units digit of d?
8
Let c(n) = 111*n**2 + 3*n + 4. Let x(p) = -223*p**2 - 6*p - 7. Let u(z) = -7*c(z) - 4*x(z). What is the units digit of u(1)?
8
Let q(z) = 2*z**3 + z**2 - 2*z + 2. Let d be q(1). Suppose -d*y + 5*f + 411 = y, -2*y + 223 = f. What is the tens digit of y?
0
Let n be 34/9 - (33/(-27) - -1). Let q(o) = -o**3 + 6*o**2 + 2*o + 1. What is the units digit of q(n)?
1
Let m be 3*-1*(-136)/12. Let k = -32 + m. Suppose -s + 23 + 12 = o, -122 = -4*s + k*o. What is the units digit of s?
2
Suppose 5 = 5*a - 5. Suppose v - a*v = -66. What is the tens digit of v?
6
Let x = 767 - -1270. What is the tens digit of x?
3
Suppose 3*p - 341 - 124 = 0. Let k = p - 89. What is the tens digit of k?
6
Let v(j) = j**3 - 9*j**2 + 19*j - 12. Let a be v(7). Suppose 0 = -4*m, 0*m + 25 = 5*k - m. Let c = k + a. What is the units digit of c?
8
Let x be (5 + -4)*(-12)/(-4). Suppose x*l = -z - 0 - 11, 0 = 5*z - 5*l - 45. What is the units digit of z?
4
Suppose 6*h = 2*h + 4*g + 52, 4*h + g = 37. Let n be h/4 - (-1)/2. Suppose 5*z + 40 = 5*j - 4*j, n*j + z = 200. What is the units digit of j?
5
Let a(q) = q + 3. Let p be a(2). Let m = -3 + p. Suppose -m*f + 5*f = 132. What is the tens digit of f?
4
Suppose 1 = -3*u - 6*g + 2*g, -u = -5*g + 13. What is the tens digit of u/(-2)*((-668)/(-12) + -3)?
7
Suppose 3*q - 3691 - 3379 = -2*l, -4*q + 2*l = -9422. What is the hundreds digit of q?
3
Suppose 0 = -2*t - 6, -5*g + 2*t = -2*t - 27. Let o be 3/(-6)*(-8 + 8). Suppose o = 3*j + 5*u - 155, 2*u - 45 = -j - g*u. What is the tens digit of j?
5
Let c(f) = 3*f**2 - 2*f - 7. Let x be c(3). Suppose 5*u = -4 + x. Suppose -1 = 4*h + 19, 14 = 4*p + u*h. What is the units digit of p?
6
Suppose 4*r = -2*i + 5*i - 54, -2*r - 2*i - 20 = 0. What is the hundreds digit of r/8*262/(-3)?
1
Let f be (1*180/(-8))/((-1)/(-2)). Let z = f + 107. What is the tens digit of z?
6
Suppose -3*p + 25 = 5*l - 4683, 3*p = -l + 932. What is the hundreds digit of l?
9
Let n(a) = -9*a - 3*a + 1 + 23*a. Suppose 0 - 3 = -3*q. What is the tens digit of n(q)?
1
Suppose 7250 = 5*a - 5*u, -3*a = 2*u + 22 - 4372. What is the hundreds digit of a?
4
Let v(j) be the first derivative of j**4/4 - 10*j**3/3 - 4*j**2 + 5*j + 5. What is the tens digit of v(12)?
9
Suppose 5*k - 7 = -147. Let g be ((-14)/4 + 3)*k. What is the units digit of (21/g)/((-1)/(-2))?
3
Let d(z) = z**2 - 3*z + 8. Let k be d(-4). Let u = k + 4. What is the tens digit of u?
4
Let d(k) = -k - 9. Suppose -2*f = -8*f - 102. What is the units digit of d(f)?
8
Let s = -46 - -26. Suppose 0*i + 186 = -3*b + i, 2*b = 4*i - 124. Let l = s - b. What is the units digit of l?
2
Suppose 3*q - 288 = 3*y, -y + 194 = 2*q - 4*y. Suppose -3*s = 2*t + 64, -2*s - 24 = -3*t - q. Let c = -11 - t. What is the tens digit of c?
1
Let k = 115 + -115. Suppose 4*w - f = -k*f + 421, w - 79 = -5*f. What is the tens digit of w?
0
Suppose -3*h + 6*a + 2501 = 2*a, 3*a = 3*h - 2505. What is the units digit of h?
9
Let r(l) = -l**2 - 17*l - 22. Let g be r(-15). Suppose 4*b = g*b - 144. What is the units digit of b?
6
Let q(j) = -j**3 + 16*j**2 - 8*j - 17. Let x(n) = 2*n**3 - 14*n**2 + 2*n + 1. Let y be x(7). What is the tens digit of q(y)?
8
Let p(r) = 11*r + 10. Let d be p(21). Let o = 31 + d. What is the tens digit of o?
7
Let w(x) = 4*x**2 + 31*x + 302. What is the thousands digit of w(-35)?
4
Suppose -b - 2*b - 5*i - 68 = 0, -b - 4*i = 11. Let t = -26 - b. Suppose -5*h = -4*z + 291, -t*z - 5*h + 252 = -78. What is the tens digit of z?
6
Let n(j) = j**3 - 17*j**2 + 9*j - 46. Let a be n(17). Let p = -84 + a. What is the tens digit of p?
2
Suppose -4*j = -3*j + 5*g - 347, j = 5*g + 297. What is the hundreds digit of j?
3
Let y(q) = 3*q**2 + 2*q. Suppose 0 = -i - 4*p + 2, -2*i + 4 = -p + 9. Let o be y(i). Let v = 16 - o. What is the units digit of v?
8
Suppose r + 1275 = 2*z, 38*z - 43*z + 3195 = -4*r. What is the units digit of z?
5
Let b = 982 - 184. What is the units digit of b?
8
Let q = -406 + 981. What is the hundreds digit of q?
5
Let v = -986 + 1029. What is the tens digit of v?
4
Let d(o) be the second derivative of -11*o**3/3 + 2*o**2 - 16*o. What is the units digit of d(-6)?
6
Suppose 0 = 4*k + 2*m + 18, -3*m - 1 = -5*k - 7. Let y be (-1542)/k*(-4)/(-8). Suppose -5*n - 62 + y = 4*v, -3*v - 15 = 0. What is the tens digit of n?
4
Suppose 3*f = -y + 541, -7*y + 2234 = -3*y - 2*f. What is the units digit of y?
6
What is the thousands digit of (863/3*24)/2?
3
Suppose -4*j = 4*q + 28, -3*q - 5*j = -6*j + 13. What is the units digit of (9/(-5))/(q/150)?
4
Suppose -4587 = 6*l - 17679. What is the thousands digit of l?
2
Let w(a) be the first derivative of a**2/2 + 4*a - 2. Suppose 5*q + 12 = 9*q. What is the units digit of w(q)?
7
Suppose 0 = -4*x + 201 + 7. Suppose 0 = -a + 68 + x. What is the tens digit of a?
2
Suppose -4*j + 43 + 25 = 2*b, 0 = 5*b - 10. Suppose v = 6*v + 10. Let i = j + v. What is the units digit of i?
4
Let z(a) = a + 1. Let r(x) = 7*x - 2. Let y(g) = -r(g) - 5*z(g). Suppose 3*m - o + 13 = 4, -3*o + 6 = -2*m. What is the tens digit of y(m)?
3
What is the tens digit of (36/56)/(60/(-70))*-2884?
6
Let f = 8 + -23. Let r = f + 21. What is the units digit of (0 - r)*160/(-30)?
2
Let x = 2160 + -1219. What is the tens digit of x?
4
Let t be 2 + (1 + -4 - -1). Suppose 2*i + 10 = t, -3*i = 2*c + i + 62. What is the tens digit of (-1056)/c - 2/7?
5
Let w = -632 + 1058. What is the tens digit of w?
2
Suppose -234*x - 38857 = -247*x. What is the thousands digit of x?
2
Suppose 3*q + 5*p + 24 = 0, 0 = 3*p - p + 6. Let b(k) = -k**2 - 6*k - 4. Let u be b(q). Suppose -7 = -m + u. What is the units digit of m?
2
Let m = -114 - -138. What is the units digit of (-2286)/(-21) + -1 + m/21?
9
Let b(y) = 2*y**2 - 14*y - 16. Let j be b(17). Suppose j + 72 = 4*z. What is the units digit of z?
9
Suppose 0 = 4*z + z - 1000. Let a(l) = 36*l**2 - l - 4. Let p be a(-2). Let i = z - p. What is the tens digit of i?
5
Let k(x) = x**2 + 9*x + 16. Let v be k(-8). Let t be (-20)/45*(-36)/v. Suppose 7*p - t*p = 125. What is the units digit of p?
5
Let u(o) = -3*o - 12. Let i = 23 + -34. Let y be u(i). Let m = 39 - y. What is the units digit of m?
8
Suppose 3*u = 3*w + 2*w + 15, 5*u = w + 25. Suppose u*p = -17 + 452. What is the units digit of p?
7
Let g(k) = k**2 + 13*k + 22. Let h be g(-12). Let z = 0 + 0. Suppose 0 = 2*t + h, 2*n - t + 2*t - 1 = z. What is the units digit of n?
3
Suppose -5*x = 5*j - 13275, -35*j = -30*j - x - 13299. What is the thousands digit of j?
2
Let b(t) = -t + 2. Suppose -2*c = -c - 7. Let y be b(c). What is the units digit of 4/10 - 13/y?
3
What is the thousands digit of -2 + (-9 - -7) + (-1532)/(-1)?
1
Let i be 5/((-1)/((-1)/(-1))). Let c be -37 + i/(5/(-3)). Let q = -19 - c. What is the units digit of q?
5
Suppose -5*f + 3275 = 5*o, -8*f + 3266 = 5*o - 6*f. What is the units digit of o?
2
Let l(i) = i**3 - 28*i**2 + 33*i + 49. What is the hundreds digit of l(30)?
8
Suppose 3*i + 20 = -5*z + 7*i, 0 = -5*i + 25. Suppose c - 5*o = -z*c - 4, 5*o = -2*c + 37. Let x(h) = h - 7. What is the units digit of x(c)?
4
Suppose 0 = -7*x + 10*x - 12. Suppose -n = x*t - 19, t + n = -1 + 5. What is the units digit of t?
5
Suppose -5*n + 111 = -3*y, -4*n + 5*n - 11 = -5*y. Suppose -3*i + 61 = 5*j, -i - 4*j + 2*j + n = 0. What is the tens digit of i?
1
Let j(y) = -y**3 + 2*y**2 + 3*y + 2. Let q be j(4). What is the units digit of (-4)/(58/q - -3)?
8
Suppose a = -2, 2913 = 5*d + 2*a - 2888. What is the tens digit of d?
6
Suppose 2*l = -5*h + 42, 5*h + 54 = 4*l - 0*l. Let k = l - 13. Let u(z) = z**3 - z**2 - z + 4. What is the units digit of u(k)?
9
Suppose -6*b + 4 = -8*b. What is the units digit of (-2)/b + 3 + 92?
6
Let p = 250 + 26. What is the tens digit of p?
7
What is the hundreds digit of ((-6)/(-4))/((-9)/(-2826))?
4
Let z(o) = 8*o + 2 - 36*o - 1 - 50. What is the tens digit of z(-5)?
9
Suppose -2*x - 4 = 2*x. Let g be 37 + -3*x/(-1). Suppose -4*f + 10 = -g. What is the tens digit of f?
1
Let p be ((-18)/4 + -1)*-2. Let g(n) = -9*n + 17. Le